{"id":4364,"date":"2026-01-11T19:31:52","date_gmt":"2026-01-11T18:31:52","guid":{"rendered":"http:\/\/festi-bouille-courdault.com\/WordPress3\/brite\/"},"modified":"2026-04-26T21:24:11","modified_gmt":"2026-04-26T19:24:11","slug":"brite","status":"publish","type":"page","link":"http:\/\/festi-bouille-courdault.com\/WordPress3\/","title":{"rendered":"Front Page"},"content":{"rendered":"<div data-colibri-id=\"4364-c1\" class=\"style-307 style-local-4364-c1 position-relative\">\n  <!---->\n  <div data-colibri-component=\"section\" data-colibri-id=\"4364-c2\" id=\"reusable-sections\" class=\"h-section h-section-global-spacing d-flex align-items-lg-center align-items-md-center align-items-center style-308 style-local-4364-c2 position-relative\">\n    <!---->\n    <!---->\n    <div class=\"h-section-grid-container h-section-boxed-container\">\n      <div data-colibri-id=\"4364-c28\" class=\"h-row-container gutters-row-lg-2 gutters-row-md-2 gutters-row-0 gutters-row-v-lg-2 gutters-row-v-md-2 gutters-row-v-2 style-318 style-local-4364-c28 position-relative\">\n        <!---->\n        <div class=\"h-row justify-content-lg-center justify-content-md-center justify-content-center align-items-lg-stretch align-items-md-stretch align-items-stretch gutters-col-lg-2 gutters-col-md-2 gutters-col-0 gutters-col-v-lg-2 gutters-col-v-md-2 gutters-col-v-2\">\n          <!---->\n          <div class=\"h-column h-column-container d-flex h-col-lg-auto h-col-md-auto h-col-auto style-319-outer style-local-4364-c29-outer\">\n            <div data-colibri-id=\"4364-c29\" class=\"d-flex h-flex-basis h-column__inner h-px-lg-2 h-px-md-2 h-px-2 v-inner-lg-2 v-inner-md-2 v-inner-2 style-319 style-local-4364-c29 position-relative\">\n              <!---->\n              <!---->\n              <div class=\"w-100 h-y-container h-column__content h-column__v-align flex-basis-100 align-self-lg-start align-self-md-start align-self-start\">\n                <!---->\n                <div data-colibri-id=\"4364-c30\" class=\"h-global-transition-all h-heading style-320 style-local-4364-c30 position-relative h-element\">\n                  <!---->\n                  <div class=\"h-heading__outer style-320 style-local-4364-c30\">\n                    <!---->\n                    <!---->\n                    <h2 class=\"\">FESTI BOUILLE COURDAULT\n                      <br>Association culturelle &amp; sportive<\/h2>\n                  <\/div>\n                <\/div>\n                <div data-colibri-id=\"4364-c31\" class=\"h-lead h-text h-text-component style-321 style-local-4364-c31 position-relative h-element\">\n                  <!---->\n                  <!---->\n                  <div class=\"\">\n                    <p>PROGRAMME 2026 :&nbsp; \u00e0 vos agendas!<\/p>\n                  <\/div>\n                <\/div>\n              <\/div>\n            <\/div>\n          <\/div>\n        <\/div>\n      <\/div>\n      <div data-colibri-id=\"4364-c3\" class=\"h-row-container gutters-row-lg-2 gutters-row-md-2 gutters-row-2 gutters-row-v-lg-2 gutters-row-v-md-2 gutters-row-v-2 style-309 style-local-4364-c3 position-relative\">\n        <!---->\n        <div class=\"h-row justify-content-lg-center justify-content-md-center justify-content-center align-items-lg-stretch align-items-md-stretch align-items-stretch gutters-col-lg-2 gutters-col-md-2 gutters-col-2 gutters-col-v-lg-2 gutters-col-v-md-2 gutters-col-v-2\">\n          <!---->\n          <div class=\"h-column h-column-container d-flex h-col-lg-4 h-col-md-6 h-col-12 style-310-outer style-local-4364-c4-outer\">\n            <div data-colibri-id=\"4364-c4\" class=\"d-flex h-flex-basis h-column__inner h-px-lg-0 h-px-md-0 h-px-0 v-inner-lg-0 v-inner-md-0 v-inner-0 style-310 style-local-4364-c4 position-relative\">\n              <!---->\n              <!---->\n              <div class=\"w-100 h-y-container h-column__content h-column__v-align flex-basis-100 align-self-lg-start align-self-md-start align-self-start\">\n                <!---->\n                <div data-colibri-id=\"4364-c5\" class=\"d-block style-311 style-local-4364-c5 position-relative h-element\">\n                  <!---->\n                  <div class=\"h-image__frame-container-outer\">\n                    <div class=\"h-image__frame-container\">\n                      <!---->\n                      <!---->\n                      <img decoding=\"async\" loading=\"lazy\" width=\"3872\" height=\"2592\" src=\"http:\/\/festi-bouille-courdault.com\/WordPress3\/wp-content\/uploads\/2025\/06\/DSC_8191.jpg\" class=\"wp-image-4330 style-311-image style-local-4364-c5-image\" srcset=\"http:\/\/festi-bouille-courdault.com\/WordPress3\/wp-content\/uploads\/2025\/06\/DSC_8191.jpg 3872w, http:\/\/festi-bouille-courdault.com\/WordPress3\/wp-content\/uploads\/2025\/06\/DSC_8191-300x200.jpg 300w, http:\/\/festi-bouille-courdault.com\/WordPress3\/wp-content\/uploads\/2025\/06\/DSC_8191-1024x685.jpg 1024w, http:\/\/festi-bouille-courdault.com\/WordPress3\/wp-content\/uploads\/2025\/06\/DSC_8191-624x417.jpg 624w\" sizes=\"(max-width: 3872px) 100vw, 3872px\" alt=\"\" \/>\n                      <div class=\"h-image__frame h-hide-lg h-hide-md h-hide-sm style-311-frameImage style-local-4364-c5-frameImage\"><\/div>\n                    <\/div>\n                  <\/div>\n                <\/div>\n                <div data-colibri-id=\"4364-c6\" class=\"h-row-container gutters-row-lg-0 gutters-row-md-0 gutters-row-2 gutters-row-v-lg-0 gutters-row-v-md-0 gutters-row-v-2 style-312 style-local-4364-c6 position-relative\">\n                  <!---->\n                  <div class=\"h-row justify-content-lg-center justify-content-md-center justify-content-center align-items-lg-stretch align-items-md-stretch align-items-stretch gutters-col-lg-0 gutters-col-md-0 gutters-col-2 gutters-col-v-lg-0 gutters-col-v-md-0 gutters-col-v-2\">\n                    <!---->\n                    <div class=\"h-column h-column-container d-flex h-col-lg-auto h-col-md-auto h-col-auto style-313-outer style-local-4364-c7-outer\">\n                      <div data-colibri-id=\"4364-c7\" class=\"d-flex h-flex-basis h-column__inner h-px-lg-2 h-px-md-3 h-px-2 v-inner-lg-2 v-inner-md-3 v-inner-2 style-313 style-local-4364-c7 position-relative\">\n                        <!---->\n                        <!---->\n                        <div class=\"w-100 h-y-container h-column__content h-column__v-align flex-basis-100 align-self-lg-start align-self-md-start align-self-start\">\n                          <!---->\n                          <div data-colibri-id=\"4364-c8\" class=\"h-global-transition-all h-heading style-314 style-local-4364-c8 position-relative h-element\">\n                            <!---->\n                            <div class=\"h-heading__outer style-314 style-local-4364-c8\">\n                              <!---->\n                              <!---->\n                              <h4 class=\"\">La Courdelaise du Marais\n                                <br>Dimanche 31 mai 2026<\/h4>\n                            <\/div>\n                          <\/div>\n                          <div data-colibri-id=\"4364-c9\" class=\"h-text h-text-component style-315 style-local-4364-c9 position-relative h-element\">\n                            <!---->\n                            <!---->\n                            <div class=\"\">\n                              <p>3 parcours nature de 5, 10 et 21 km&nbsp;<\/p>\n                              <p>2 parcours randonn\u00e9es de 5 et 10 km<\/p>\n                              <p>Repas sur place &#8211; r\u00e9servation conseill\u00e9e<\/p>\n                              <p>\n                                <br>\n                              <\/p>\n                            <\/div>\n                          <\/div>\n                        <\/div>\n                      <\/div>\n                    <\/div>\n                  <\/div>\n                <\/div>\n                <div data-colibri-id=\"4364-c10\" class=\"h-x-container style-316 style-local-4364-c10 position-relative h-element\">\n                  <!---->\n                  <div class=\"h-x-container-inner style-dynamic-4364-c10-group style-316-spacing style-local-4364-c10-spacing\"><span class=\"h-link__outer style-317-outer style-local-4364-c11-outer d-inline-flex h-element\"><a h-use-smooth-scroll=\"true\" href=\"http:\/\/festi-bouille-courdault.com\/WordPress3\/la-courdelaise-2025\/\"  data-colibri-id=\"4364-c11\" class=\"d-flex w-100 align-items-center h-link style-317 style-local-4364-c11 position-relative\"><!----><!----> <span>read more<\/span>                    <span class=\"h-svg-icon h-link__icon style-317-icon style-local-4364-c11-icon\"><!--Icon by Icons8 Line Awesome (https:\/\/icons8.com\/line-awesome)--><svg version=\"1.1\" xmlns=\"http:\/\/www.w3.org\/2000\/svg\" xmlns:xlink=\"http:\/\/www.w3.org\/1999\/xlink\" id=\"angle-double-right\" viewBox=\"0 0 512 545.5\"><path d=\"M145.5 108.5l168 168L325 288l-11.5 11.5-168 168-22.5-23L279.5 288 123 131.5zm112 0l168 168L437 288l-11.5 11.5-168 168-22.5-23L391.5 288 235 131.5z\"><\/path><\/svg><\/span><\/a>\n                    <\/span>\n                  <\/div>\n                <\/div>\n              <\/div>\n            <\/div>\n          <\/div>\n          <div class=\"h-column h-column-container d-flex h-col-lg-4 h-col-md-6 h-col-12 style-310-outer style-local-4364-c12-outer\">\n            <div data-colibri-id=\"4364-c12\" class=\"d-flex h-flex-basis h-column__inner h-px-lg-0 h-px-md-0 h-px-0 v-inner-lg-0 v-inner-md-0 v-inner-0 style-310 style-local-4364-c12 position-relative\">\n              <!---->\n              <!---->\n              <div class=\"w-100 h-y-container h-column__content h-column__v-align flex-basis-100 align-self-lg-start align-self-md-start align-self-start\">\n                <!---->\n                <div data-colibri-id=\"4364-c13\" class=\"d-block style-311 style-local-4364-c13 position-relative h-element\">\n                  <!---->\n                  <div class=\"h-image__frame-container-outer\">\n                    <div class=\"h-image__frame-container\">\n                      <!---->\n                      <!---->\n                      <img decoding=\"async\" loading=\"lazy\" width=\"657\" height=\"448\" src=\"http:\/\/festi-bouille-courdault.com\/WordPress3\/wp-content\/uploads\/2026\/01\/cropped-cropped-ecran-de-cinema-sur-eau-1-2.png\" class=\"wp-image-4569 style-311-image style-local-4364-c13-image\" srcset=\"http:\/\/festi-bouille-courdault.com\/WordPress3\/wp-content\/uploads\/2026\/01\/cropped-cropped-ecran-de-cinema-sur-eau-1-2.png 657w, http:\/\/festi-bouille-courdault.com\/WordPress3\/wp-content\/uploads\/2026\/01\/cropped-cropped-ecran-de-cinema-sur-eau-1-2-300x205.png 300w\" sizes=\"(max-width: 657px) 100vw, 657px\" alt=\"\" \/>\n                      <div class=\"h-image__frame h-hide-lg h-hide-md h-hide-sm style-311-frameImage style-local-4364-c13-frameImage\"><\/div>\n                    <\/div>\n                  <\/div>\n                <\/div>\n                <div data-colibri-id=\"4364-c14\" class=\"h-row-container gutters-row-lg-0 gutters-row-md-0 gutters-row-2 gutters-row-v-lg-0 gutters-row-v-md-0 gutters-row-v-2 style-312 style-local-4364-c14 position-relative\">\n                  <!---->\n                  <div class=\"h-row justify-content-lg-center justify-content-md-center justify-content-center align-items-lg-stretch align-items-md-stretch align-items-stretch gutters-col-lg-0 gutters-col-md-0 gutters-col-2 gutters-col-v-lg-0 gutters-col-v-md-0 gutters-col-v-2\">\n                    <!---->\n                    <div class=\"h-column h-column-container d-flex h-col-lg-auto h-col-md-auto h-col-auto style-313-outer style-local-4364-c15-outer\">\n                      <div data-colibri-id=\"4364-c15\" class=\"d-flex h-flex-basis h-column__inner h-px-lg-2 h-px-md-3 h-px-2 v-inner-lg-2 v-inner-md-3 v-inner-2 style-313 style-local-4364-c15 position-relative\">\n                        <!---->\n                        <!---->\n                        <div class=\"w-100 h-y-container h-column__content h-column__v-align flex-basis-100 align-self-lg-start align-self-md-start align-self-start\">\n                          <!---->\n                          <div data-colibri-id=\"4364-c16\" class=\"h-global-transition-all h-heading style-314 style-local-4364-c16 position-relative h-element\">\n                            <!---->\n                            <div class=\"h-heading__outer style-314 style-local-4364-c16\">\n                              <!---->\n                              <!---->\n                              <h4 class=\"\">Week-end Estival Rock&rsquo;n Roll\n                                <br>Vendredi 17 juillet 2026<\/h4>\n                            <\/div>\n                          <\/div>\n                          <div data-colibri-id=\"4364-c17\" class=\"h-text h-text-component style-315 style-local-4364-c17 position-relative h-element\">\n                            <!---->\n                            <!---->\n                            <div class=\"\">\n                              <p>&nbsp;20h30 : Concert de KILLBILLY.&nbsp;<\/p>\n                              <p><span style=\"font-weight: 400; font-size: 16px; font-family: &quot;Open Sans&quot;; color: rgb(102, 102, 102);\">22h30 : Cin\u00e9ma en plein air sur le port de Courdault&nbsp;<\/span><\/p>\n                              <p>Restauration &amp; buvette sur place<\/p>\n                            <\/div>\n                          <\/div>\n                        <\/div>\n                      <\/div>\n                    <\/div>\n                  <\/div>\n                <\/div>\n                <div data-colibri-id=\"4364-c18\" class=\"h-x-container style-316 style-local-4364-c18 position-relative h-element\">\n                  <!---->\n                  <div class=\"h-x-container-inner style-dynamic-4364-c18-group style-316-spacing style-local-4364-c18-spacing\"><span class=\"h-link__outer style-317-outer style-local-4364-c19-outer d-inline-flex h-element\"><a h-use-smooth-scroll=\"true\" href=\"http:\/\/festi-bouille-courdault.com\/WordPress3\/cinema-seance-gratuite\/\"  data-colibri-id=\"4364-c19\" class=\"d-flex w-100 align-items-center h-link style-317 style-local-4364-c19 position-relative\"><!----><!----> <span>read more<\/span>                    <span class=\"h-svg-icon h-link__icon style-317-icon style-local-4364-c19-icon\"><!--Icon by Icons8 Line Awesome (https:\/\/icons8.com\/line-awesome)--><svg version=\"1.1\" xmlns=\"http:\/\/www.w3.org\/2000\/svg\" xmlns:xlink=\"http:\/\/www.w3.org\/1999\/xlink\" id=\"angle-double-right\" viewBox=\"0 0 512 545.5\"><path d=\"M145.5 108.5l168 168L325 288l-11.5 11.5-168 168-22.5-23L279.5 288 123 131.5zm112 0l168 168L437 288l-11.5 11.5-168 168-22.5-23L391.5 288 235 131.5z\"><\/path><\/svg><\/span><\/a>\n                    <\/span>\n                  <\/div>\n                <\/div>\n              <\/div>\n            <\/div>\n          <\/div>\n          <div class=\"h-column h-column-container d-flex h-col-lg-4 h-col-md-6 h-col-12 style-310-outer style-local-4364-c20-outer\">\n            <div data-colibri-id=\"4364-c20\" class=\"d-flex h-flex-basis h-column__inner h-px-lg-0 h-px-md-0 h-px-0 v-inner-lg-0 v-inner-md-0 v-inner-0 style-310 style-local-4364-c20 position-relative\">\n              <!---->\n              <!---->\n              <div class=\"w-100 h-y-container h-column__content h-column__v-align flex-basis-100 align-self-lg-start align-self-md-start align-self-start\">\n                <!---->\n                <div data-colibri-id=\"4364-c21\" class=\"d-block style-311 style-local-4364-c21 position-relative h-element\">\n                  <!---->\n                  <div class=\"h-image__frame-container-outer\">\n                    <div class=\"h-image__frame-container\">\n                      <!---->\n                      <!---->\n                      <img decoding=\"async\" loading=\"lazy\" width=\"1600\" height=\"1200\" src=\"http:\/\/festi-bouille-courdault.com\/WordPress3\/wp-content\/uploads\/2025\/10\/cropped-WhatsApp-Image-2025-08-04-a-18.22.52_34fc23d1.jpg\" class=\"wp-image-4571 style-311-image style-local-4364-c21-image\" srcset=\"http:\/\/festi-bouille-courdault.com\/WordPress3\/wp-content\/uploads\/2025\/10\/cropped-WhatsApp-Image-2025-08-04-a-18.22.52_34fc23d1.jpg 1600w, http:\/\/festi-bouille-courdault.com\/WordPress3\/wp-content\/uploads\/2025\/10\/cropped-WhatsApp-Image-2025-08-04-a-18.22.52_34fc23d1-300x225.jpg 300w, http:\/\/festi-bouille-courdault.com\/WordPress3\/wp-content\/uploads\/2025\/10\/cropped-WhatsApp-Image-2025-08-04-a-18.22.52_34fc23d1-1024x768.jpg 1024w, http:\/\/festi-bouille-courdault.com\/WordPress3\/wp-content\/uploads\/2025\/10\/cropped-WhatsApp-Image-2025-08-04-a-18.22.52_34fc23d1-768x576.jpg 768w, http:\/\/festi-bouille-courdault.com\/WordPress3\/wp-content\/uploads\/2025\/10\/cropped-WhatsApp-Image-2025-08-04-a-18.22.52_34fc23d1-1536x1152.jpg 1536w\" sizes=\"(max-width: 1600px) 100vw, 1600px\" alt=\"\" \/>\n                      <div class=\"h-image__frame h-hide-lg h-hide-md h-hide-sm style-311-frameImage style-local-4364-c21-frameImage\"><\/div>\n                    <\/div>\n                  <\/div>\n                <\/div>\n                <div data-colibri-id=\"4364-c22\" class=\"h-row-container gutters-row-lg-0 gutters-row-md-0 gutters-row-2 gutters-row-v-lg-0 gutters-row-v-md-0 gutters-row-v-2 style-312 style-local-4364-c22 position-relative\">\n                  <!---->\n                  <div class=\"h-row justify-content-lg-center justify-content-md-center justify-content-center align-items-lg-stretch align-items-md-stretch align-items-stretch gutters-col-lg-0 gutters-col-md-0 gutters-col-2 gutters-col-v-lg-0 gutters-col-v-md-0 gutters-col-v-2\">\n                    <!---->\n                    <div class=\"h-column h-column-container d-flex h-col-lg-auto h-col-md-auto h-col-auto style-313-outer style-local-4364-c23-outer\">\n                      <div data-colibri-id=\"4364-c23\" class=\"d-flex h-flex-basis h-column__inner h-px-lg-2 h-px-md-3 h-px-2 v-inner-lg-2 v-inner-md-3 v-inner-2 style-313 style-local-4364-c23 position-relative\">\n                        <!---->\n                        <!---->\n                        <div class=\"w-100 h-y-container h-column__content h-column__v-align flex-basis-100 align-self-lg-start align-self-md-start align-self-start\">\n                          <!---->\n                          <div data-colibri-id=\"4364-c24\" class=\"h-global-transition-all h-heading style-314 style-local-4364-c24 position-relative h-element\">\n                            <!---->\n                            <div class=\"h-heading__outer style-314 style-local-4364-c24\">\n                              <!---->\n                              <!---->\n                              <h4 class=\"\">Week-end Estival Rock&rsquo;n Roll\n                                <br>Samedi 18 juillet 2026<\/h4>\n                            <\/div>\n                          <\/div>\n                          <div data-colibri-id=\"4364-c25\" class=\"h-text h-text-component style-315 style-local-4364-c25 position-relative h-element\">\n                            <!---->\n                            <!---->\n                            <div class=\"\">\n                              <p>March\u00e9 artisanal \u00e0 16h, randonn\u00e9es de 7 et 12 km, structures gonflables, balades en poney et&nbsp;randonn\u00e9e color\u00e9e.<\/p>\n                              <p>20h45 : Groupe Ellside<\/p>\n                              <p>22h30 : Yarol Poupaud<\/p>\n                            <\/div>\n                          <\/div>\n                        <\/div>\n                      <\/div>\n                    <\/div>\n                  <\/div>\n                <\/div>\n                <div data-colibri-id=\"4364-c26\" class=\"h-x-container style-316 style-local-4364-c26 position-relative h-element\">\n                  <!---->\n                  <div class=\"h-x-container-inner style-dynamic-4364-c26-group style-316-spacing style-local-4364-c26-spacing\"><span class=\"h-link__outer style-317-outer style-local-4364-c27-outer d-inline-flex h-element\"><a h-use-smooth-scroll=\"true\" href=\"http:\/\/festi-bouille-courdault.com\/WordPress3\/musique\/\"  data-colibri-id=\"4364-c27\" class=\"d-flex w-100 align-items-center h-link style-317 style-local-4364-c27 position-relative\"><!----><!----> <span>read more<\/span>                    <span class=\"h-svg-icon h-link__icon style-317-icon style-local-4364-c27-icon\"><!--Icon by Icons8 Line Awesome (https:\/\/icons8.com\/line-awesome)--><svg version=\"1.1\" xmlns=\"http:\/\/www.w3.org\/2000\/svg\" xmlns:xlink=\"http:\/\/www.w3.org\/1999\/xlink\" id=\"angle-double-right\" viewBox=\"0 0 512 545.5\"><path d=\"M145.5 108.5l168 168L325 288l-11.5 11.5-168 168-22.5-23L279.5 288 123 131.5zm112 0l168 168L437 288l-11.5 11.5-168 168-22.5-23L391.5 288 235 131.5z\"><\/path><\/svg><\/span><\/a>\n                    <\/span>\n                  <\/div>\n                <\/div>\n              <\/div>\n            <\/div>\n          <\/div>\n        <\/div>\n      <\/div>\n    <\/div>\n  <\/div>\n<\/div>","protected":false},"excerpt":{"rendered":"<p>FESTI BOUILLE COURDAULT Association culturelle &amp; sportive PROGRAMME 2026 :&nbsp; \u00e0 vos agendas! La Courdelaise du Marais Dimanche 31 mai 2026 3 parcours nature de 5, 10 et 21 km&nbsp; 2 parcours randonn\u00e9es de 5 et 10 km Repas sur place &#8211; r\u00e9servation conseill\u00e9e read more Week-end Estival Rock&rsquo;n Roll Vendredi 17 juillet 2026 &nbsp;20h30 [&hellip;]<\/p>\n","protected":false},"author":1,"featured_media":0,"parent":0,"menu_order":0,"comment_status":"closed","ping_status":"closed","template":"page-templates\/homepage.php","meta":[],"_links":{"self":[{"href":"http:\/\/festi-bouille-courdault.com\/WordPress3\/wp-json\/wp\/v2\/pages\/4364"}],"collection":[{"href":"http:\/\/festi-bouille-courdault.com\/WordPress3\/wp-json\/wp\/v2\/pages"}],"about":[{"href":"http:\/\/festi-bouille-courdault.com\/WordPress3\/wp-json\/wp\/v2\/types\/page"}],"author":[{"embeddable":true,"href":"http:\/\/festi-bouille-courdault.com\/WordPress3\/wp-json\/wp\/v2\/users\/1"}],"replies":[{"embeddable":true,"href":"http:\/\/festi-bouille-courdault.com\/WordPress3\/wp-json\/wp\/v2\/comments?post=4364"}],"version-history":[{"count":6,"href":"http:\/\/festi-bouille-courdault.com\/WordPress3\/wp-json\/wp\/v2\/pages\/4364\/revisions"}],"predecessor-version":[{"id":4957,"href":"http:\/\/festi-bouille-courdault.com\/WordPress3\/wp-json\/wp\/v2\/pages\/4364\/revisions\/4957"}],"wp:attachment":[{"href":"http:\/\/festi-bouille-courdault.com\/WordPress3\/wp-json\/wp\/v2\/media?parent=4364"}],"curies":[{"name":"wp","href":"https:\/\/api.w.org\/{rel}","templated":true}]}}